 1508 + -1437?
5
What is (-105 - (40 - 39)) + -1 + 3 + 2 + -2?
-104
-151 + 80 - (4 + -12)
-63
10 + (58 - (-30 + -9 + 25 - (1 - 14)))
69
What is -21 - (-20 + 12 - 83 - (7 + 13))?
90
What is the value of (0 - 72) + 8368 + -8279?
17
What is (0 - -37) + (-1 - 41 - (-113 + 79))?
29
(-2 - -30) + (1740 - 1732)
36
What is 174 - 189 - (-11 - 27)?
23
What is the value of (109 - (-42 + 67)) + -30?
54
Evaluate (-95 - (-74 - 54)) + (1 - 1 - -3).
36
What is -27 + (115 - (45 - 36 - -13))?
66
What is the value of 46 + -46 + -29 - 39?
-68
What is (-108 - 0) + (-120 - -11 - -139)?
-78
(6 - 55) + (46 - -13)
10
What is 33 - (-170 + 0 - -262)?
-59
Evaluate 9 + -6 + 2 + -44 + 51 - 4 - 5.
3
What is -14 + 3 + -1 + -9 + -36 + 35?
-22
Calculate -71 + (-47 - -124) + (2 - -9).
17
Calculate -74 + (-43 - (73 + -251)).
61
(1 - -5) + -7 + 26 + -22 - (10 + -49)
42
What is the value of -15 + (5 - -27 - (0 - 18)) + 8?
43
Evaluate (1 - -12) + (-566 - -529) - -37.
13
Calculate 6577 - 6614 - (-1 + 12).
-48
Calculate -27 - 21 - -109 - 23.
38
What is the value of -5 + 36 + (13 + -4 - 0) + -3?
37
Evaluate 16 - ((1 - 5 - (20 + (-15 - 13))) + -6).
18
Calculate -21 - (26 - -3 - -30) - (-2 + 0 + -5).
-73
-17 - (-41 + 20 - -2) - (0 - 16)
18
Calculate (29 - 61) + 37 + (-3 - 83) - -5.
-76
What is the value of -38 - (118 - (62 + 37))?
-57
Calculate (0 - -5) + (-29 - (-7 + -21)) - -55.
59
Evaluate -107 + (-31 - 25) + 81.
-82
What is (19 - 3) + -5 + (12 - -1)?
24
Evaluate 43 + (-6 - 5) - (0 - (8 + -2)).
38
What is the value of -36 + -2 + (127 - 135)?
-46
What is -42 - (-18 - (3 - 27 - -17))?
-31
What is 6 + -10 - (-23 + 43 - 26 - (0 - 72))?
-70
-2 + -35 - (-11 - 7)
-19
What is the value of 20 + -40 + 0 + 25 + -44?
-39
-1 - (-1 + -91 + -1) - (122 + -168 + 39)
99
Calculate (-29 - -45) + (-1 - 11) + 46 + (4 - -2).
56
Calculate 98 - 140 - (5 + 3 + -22).
-28
-16 - -14 - 17 - 8 - (-2 + 11)
-36
Evaluate 1995 + -1966 - (-22 + -1).
52
(-16 + (30 - (28 + -19)) - 18) + -99
-112
-4 + (0 - 1) - (-49 - (-59 + 71))
56
Evaluate -2 - (0 - 79) - (50 - 29 - 9).
65
What is the value of 88 + -6 + -16 + -6?
60
(5 - ((0 - 99) + 7)) + (-6 - 3)
88
What is -1 + 0 + -1 + (-10 - -15) - (66 - 23)?
-40
-86 - -83 - (-7 + -1) - 11 - (0 - 96)
90
Calculate (2 - 51) + 104 + -89.
-34
What is -8 + (-44 - -6) + 120?
74
What is the value of -3 + -11 + (1 - 0) + (562 - 494)?
55
(-44 - -125) + -134 - -204
151
What is the value of -12 + 0 - (-21 + 17 - 19 - -5)?
6
(-11 - (0 - -2)) + (-64 - 39) + 109 + -24
-31
125 + (6 - -7) - 254
-116
What is the value of 14 + -1 + (-4 - -18) + -36 + -33?
-42
What is 0 + -49 + (2 - (-28 + 8)) + -30?
-57
(112 - (325 - 75)) + 139
1
Calculate (194 - 95) + -59 + (-1 - 18) - 73.
-52
Calculate 0 - -3 - (-21 + (7 + 2 - 8) + 13).
10
What is the value of -43 + (22 - (29 + -67)) + (12 - 1)?
28
Calculate -7 + -7 + 3 - -10 - 9 - -22.
12
What is the value of 24 - ((55 - 27) + -13)?
9
What is -11 - (-7 + 9 + -11 - (-34 - 9))?
-45
Evaluate 1 + (0 - (-1 - 0) - (-88 + -16 + -9)).
115
What is (6058 - 6083) + 2 + 83 + 1?
61
Calculate 1 + -1 - (-214 - -108 - -127).
-21
Evaluate 87 - (12 - (12 + (7 - (5 - -8) - -2))).
83
103 + -51 + -26 + -49
-23
What is the value of 74 + (-23 - (-8 + 26))?
33
-3 - (1 + -11 + 12 + -5 + (1 - 3))
2
Evaluate (-57 - 44 - -257) + -26.
130
Calculate (-1146 - -1049) + (-16 - 33).
-146
-47 + (20 - -37) + 0 + -67
-57
What is the value of -136 + -6 + 5 + 73?
-64
(-26 - 75) + 79 + (-10 - -1)
-31
3 - (-16 + (-7 + 9 - 5) + 8 + -18)
32
(3 - 29) + (147 - 78 - 45)
-2
Calculate (-74 - 1) + (-2883 - -2913).
-45
-25 + (96 - 39) + -42 - 90
-100
Calculate 56 + -62 - (61 - (2 + -1 + -6 + 8)).
-64
90 + 3 + -7 + 15 + -41
60
What is (21 + (11 - 45) - 8) + 3 + 1 + -5?
-22
Evaluate -43 - (-106 + 28 - -39).
-4
Evaluate -3 - (38 + 26 + -16).
-51
What is (-1860 - -1827) + 8 + -2?
-27
What is the value of 6 + (-115 + 295 - 111)?
75
What is the value of 1252 + -1330 + (-3 + 2 + -3 - 11)?
-93
What is the value of (55 - 82) + 70 + -1?
42
Calculate 48 + 23 + 42 + -41.
72
-295 + 23 + -450 + 583
-139
Evaluate 1 + (107 + -175 - -136).
69
What is the value of -30 + (21 - 20) + ((1 - 6) + 1 - -8)?
-25
-11 + (26 - (3 - -36)) - -14
-10
(-11 + 3 - -23 - (26 + 3)) + -17
-31
Evaluate -18 + 37 + 31 + -40.
10
Evaluate (-14 - (-8 + 13) - (-36 - -33)) + -25.
-41
2 + (15 - 54) + (17 - 2)
-22
(292 - 301) + (-15 - 7)
-31
Evaluate 26 - (57 + 9 - (-8 - -6)).
-42
Calculate 250 - 247 - ((-3 - 19) + (-7 - (-1 - 2))).
29
Calculate (301 - 323) + -10 + 4.
-28
What is 14 + -72 - -120 - 2?
60
Calculate (-28 - -29 - 18 - (-18 + -3)) + -64.
-60
Evaluate (-4 - -1) + (-6 - 0) + 17 - (91 + -13).
-70
-1 + 21 - (-3 + 71 + -196) - 22
126
Calculate (-1 - -23 - 7) + -64 - -14.
-35
What is the value of 32 + -60 + (-11 + 0 - (5 + -13))?
-31
(-21 - (16 + -44 + 13)) + -39
-45
What is 79 - (-24 + (57 - (31 - 23)))?
54
Calculate -181 - -131 - (36 - 84).
-2
Calculate (85 + -105 - (-4 + -5)) + (26 - 1 - 0).
14
-153 + 384 + -94 - 101
36
Evaluate 13 + -29 + (21 - 11) - -12 - 20.
-14
Calculate (-13 + 7 - -9) + -5 + (-15 - -4) + 2.
-11
What is (54 - 7 - 51) + 24?
20
Calculate 3 - (61 - 8) - (47 + -40) - -7.
-50
(2 - (-3 - 0) - 9) + 16 + -38
-26
103 - 104 - (20 - 5 - 6 - 6)
-4
What is the value of (2 - 45) + (-137 - -160) + -10?
-30
(21 - (-11 + 30 + 65)) + 16
-47
Calculate (142 + -138 - (8 + 3 + 0 - -1)) + 5.
-3
What is -20 - (38 - -23 - 77)?
-4
What is 6 + -9 + 11 + 1 + -1 + -3?
5
What is the value of -996 - -989 - (49 - (1 - -1))?
-54
30 + -30 + 41 + -99
-58
What is -16 + 12 + 10 + -48 + 31?
-11
Calculate 0 + (-6 - 4) - (-36 + (66 - 166)).
126
What is (8 - (-14 - ((-10 - 8) + -9))) + 90?
85
What is the value of (-37 - -39) + (-19 - -2 - -2) + 778 + -825?
-60
41 + -33 + 11 + (-7 - -5 - 36)
-19
What is -22 + 13 - (110 - (-7 - -3 - (6 + -16)))?
-113
Calculate 6 + -39 + 24 + -11.
-20
Calculate 1 - ((-30 - -8) + 30) - -16.
9
Evaluate -1 - -60 - (6 - 3) - (-1 - (2 - 2)).
57
-8 - -57 - (353 - 303)
-1
Evaluate 26 + -30 + -60 + 19.
-45
Evaluate 11 + -3 + -26 + 15 + -35 - 3.
-41
What is the value of -27 - -35 - 23 - (12 - -22)?
-49
Evaluate (-48 - (8 + -60)) + -64 + (4 + 3 - 3).
-56
What is the value of -124 + 64 - 155 - -116?
-99
Evaluate (-33 - (29 + -6)) + 10 + 1 + 6.
-39
What is 11 + (11 - 7 - 47) + (0 - 3)?
-35
(-41 - (-57 - -11)) + (0 - 5 - 56)
-56
Evaluate -6 + (-9 - (0 + -10 + 2 + 3) - 32).
-42
Calculate -10 + 1 + 3 - ((-3 - -10) + 12).
-25
Evaluate (117 - 82) + (-10 - 13).
12
What is the value of 16 + 44 + -24 + 4?
40
Calculate (14 + -3 + -50 - (8 - -8)) + 1 + -10.
-64
Calculate (1034 - 1142) + (-1 - 2 - 4) + -5.
-120
What is -28 - (3 + 6 + -30 + 16 + (11 - 12))?
-22
Evaluate (-1177 - -1159) + (1 - -20) + -3 + -3.
-3
Calculate -7 - (-73 + (0 - -91)).
-25
What is the value of -1 - ((-34 - -11) + 13 + 21 + (-56 - 9))?
53
Evaluate 2129 + -2114 - (17 + (4 - 1)).
-5
What is the value of -31 - (-6 - (-38 + 21) - 10)?
-32
Calculate 21 - ((2 - 6 - 8) + 5).
28
Calculate (-12 - (20 - 18)) + -2 - (-30 - -10).
4
Calculate -117 + 117 + (65 - 108).
-43
What is (-2 + 5 - (1 + -4 - (-446 - -428))) + 94?
82
Calculate 7 - (-10 + -4) - (-121 - -188).
-46
What is the value of (7 - (7 - -3)) + -43?
-46
0 + (-11 + 6 + 1 + -4 - -19) - -14
25
What is (29 - 49) + 33 + (-11 - 0) - 8?
-6
(-1 - 1) + -3982 + 4036
52
What is the value of -15 + (66 - (-12 + -2 - -20 - -8))?
37
(-22 - -8) + 97 + -91 + (0 - -5)
-3
What is the value of -56 - (1 - 1) - (17 + 18 - 37)?
-54
What is (205 - 135) + (1 - (4 + 7 + -8) - 8)?
60
What is -10 + 24 + 20 - (6 + (2 - -1))?
25
Calculate -37 - (5 + 4 + -5 + 19 + -37).
-23
Calculate 18 - ((-1 - 21) + -548 + 636).
-48
What is (38 - 28) + -76 - -125?
59
-4326 + 4312 - (-1 + (6 - (1 - 2)))
-20
Calculate -53 - -49 - -1 - 6.
-9
Calculate 46 - -49 - 40 - 52.
3
What is the value of -86 + (179 - (-53 + 130))?
16
What is -57 - (-42 + 26 + 56)?
-97
What is the value of 451 + -420 - (-27 + 0) - 25?
33
Calculate -82 + 112 + (-14 - 41).
-25
Evaluate -104 - (-4 + (24 - 5 - 3) - (10 + -2)).
-108
What is -34 + -9 + (-17 - -10) + 2 + -1 + 9?
-40
What is the value of (64 - (-1 + 2 + -294 + 309 - 10)) + 2?
60
Calculate 40 + -3 + -66 + (-1 - 0 - -10).
-20
Calculate (4 - -75) + (57 - 92).
44
-77 + 0 + (308 - 322 - (-1 + -33))
-57
What is the value of -59 + (-6 - -6) - (1 - 20)?
-40
What